at are the prime factors of i?
2699
Suppose 2*p + 3*q - 767 = 0, 0*q + 3*q = -p + 391. What are the prime factors of p?
2, 47
Suppose 50 = 5*j + 5*h, j - 2 = -5*h + 8. Suppose 3*q = -4*q + 2275. Suppose -j*f = -5*f - q. List the prime factors of f.
5, 13
Suppose 5*m + 10 = 0, 5*r - 59 = -2*m + 32. Let h(q) = q**3 + 8*q**2 - 5. Let x be h(-4). Suppose -r = -2*f + x. List the prime factors of f.
3, 13
What are the prime factors of ((-2)/4)/((-26)/61828)?
29, 41
Suppose -2*u - 69 = -5071. List the prime factors of u.
41, 61
Suppose -3*r = -5*r - 564. List the prime factors of -1*r/(-21)*-7.
2, 47
Suppose -11096 = -4*f + 5*p, 1772 = f - 4*p - 1002. List the prime factors of f.
2, 19, 73
Suppose 4 - 31 = -5*f + 3*m, -4*f + 4*m + 20 = 0. Suppose -5*s = -f*s + 54. List the prime factors of s.
2, 3
Let v = -95 + 83. What are the prime factors of 8/(-6)*90/v?
2, 5
Suppose -4*i = 3*y - 1943, 0 = 5*i + 2*y - 5*y - 2395. What are the prime factors of i?
2, 241
Let g = 256 + 2878. List the prime factors of g.
2, 1567
Let z be (-4)/(-18) + 120/(-54). Let n(p) = -5*p**3 - p. List the prime factors of n(z).
2, 3, 7
Let v = 1601 + -1096. What are the prime factors of v?
5, 101
Suppose -2*q - 4*y = -10, -6 - 9 = -4*q - 3*y. Let l be -15 - -11 - q*27. Let h = -44 - l. What are the prime factors of h?
41
Suppose 2*s - 23 = 9. Suppose 5*y + 7 = 4*y. Let w = y + s. What are the prime factors of w?
3
Let b = -931 - -2157. What are the prime factors of b?
2, 613
Let w(i) = 43*i**3 - 7*i**2 + 9*i + 4. What are the prime factors of w(3)?
1129
What are the prime factors of 9/(63/56)*1?
2
Let u = 1253 + -884. List the prime factors of u.
3, 41
Let m be (-868)/(-252) + 8/(-18). Let h = 46 - m. List the prime factors of h.
43
Suppose -5346 = -37*g + 31*g. What are the prime factors of g?
3, 11
List the prime factors of 12/(-66) - (4 - 3082/11).
2, 3, 23
Let z(p) = -10*p + 1. Let u be z(-4). Suppose -6 = 5*d - u. Suppose d = -4*o + 103. List the prime factors of o.
2, 3
Let j be 0/(-6)*(-1)/(-3). Suppose -6*o = -j*o - 234. List the prime factors of o.
3, 13
Let l = -11 + 11. Suppose l = -2*d - 0*d. Suppose 6*o - o = 4*f + 72, d = -3*o + 4*f + 40. List the prime factors of o.
2
Suppose 3692 = 229*s - 225*s. List the prime factors of s.
13, 71
Let l be 9*(2/(-6) - -1). Suppose -18 = 4*d - l. Let y = d - -17. What are the prime factors of y?
2, 7
Suppose 5 + 51 = -n. Let c = n + 256. Suppose b - c = -4*b. List the prime factors of b.
2, 5
Let p be (-1)/4 + (-27)/4. Let c(x) = -x**3 - 6*x**2 + 8*x + 16. Let a be c(p). Suppose 0 = -a*m + 3*m + 306. List the prime factors of m.
3, 17
Let p(x) = -12 + 8*x - 39*x**2 + 7*x + 38*x**2. Suppose -4*g - 3*t + 0*t = -41, -4*g = 5*t - 39. What are the prime factors of p(g)?
2
Let v(f) be the third derivative of -f**6/120 + f**4/8 - f**3/6 + f**2. Let i be v(2). List the prime factors of (-13 - -15) + i/(-1).
5
Suppose 9407 = 28*b - 2717. List the prime factors of b.
433
Suppose 596 = 2*n + 4*v, 10*v = 5*n + 6*v - 1476. List the prime factors of n.
2, 37
Let f(q) = q**3 + 8*q**2 + 4*q + 4. Suppose -y - 6*y - 21 = 0. Let k be f(y). Suppose 5*b - 4*p - k = 45, -p + 38 = 2*b. What are the prime factors of b?
2, 3
Let z = 560 - 396. What are the prime factors of z?
2, 41
Let h = -23 - -28. List the prime factors of (3 - (-116 + h)) + 1 + 0.
5, 23
Let v be ((-35)/4)/((-4)/(-16)). Let z = 37 + v. Suppose a + 5*x = 26, -121 + 9 = -z*a + 5*x. List the prime factors of a.
2, 23
Let c = 171 + -47. Let i = 143 - c. What are the prime factors of i?
19
Suppose -9 = -3*x, 3*b - 1722 = 3*x + 1191. List the prime factors of b.
2, 487
Let z = 58 + -64. What are the prime factors of (1/(-2))/(z/(174*10))?
5, 29
Let m(h) = h**2 + 3*h. Let b be m(3). Suppose -3*n - b = -2*p, -2*p + 4*n + 19 = -p. List the prime factors of (-4)/(-6) + 16/p.
2, 3
Let k(z) = z**3 + 6*z**2 - z + 8. Suppose -3*w = 15 + 3. Let i be k(w). Let s = i + -8. List the prime factors of s.
2, 3
Let g = 675 - 314. List the prime factors of g.
19
Let c(o) = -o**3 - 13*o**2 + 18*o - 3. Let j be c(-14). Let b = j + 119. What are the prime factors of (-45)/(-6)*b/9?
2, 5
Let c = 1926 + -955. List the prime factors of c.
971
Let o(s) = s**2 - 2*s - 3. Let y be o(-2). Suppose -q + 9 = -4*q - 3*j, -y*q + 12 = -4*j. Let r(n) = n + 51. What are the prime factors of r(q)?
3, 17
Suppose -4*b + 795 = -181. Suppose -4*d + 54 = r - d, -4*r = 5*d - b. List the prime factors of r.
2, 3, 11
Let f(t) = 285*t + 380. What are the prime factors of f(11)?
5, 19, 37
Suppose v - 2*v = 2*b + 9, 12 = -4*b + 4*v. Let k(f) = -58*f - 1. What are the prime factors of k(b)?
3, 7, 11
Let d(m) = 5*m**2 + m - 31. List the prime factors of d(-9).
5, 73
Let x be 9/(-18)*0/(-2). Suppose 4*k + 4*l + 1 - 41 = x, -2*l = -2*k + 8. What are the prime factors of k?
7
Let j = -4 + 9. Suppose -4*a + 3 = -j*a. What are the prime factors of (-292)/(-12) - 2/a?
5
Let x = 263 + -69. Suppose -4*q + 542 = x. What are the prime factors of q?
3, 29
Let l(g) = -383*g**2 - 5*g - 2. Let a(m) = -575*m**2 - 8*m - 3. Let s(y) = 5*a(y) - 8*l(y). Let b be s(1). Suppose -3*w = -8*w + b. List the prime factors of w.
2, 19
Suppose 2*z = -2*z + 8. Suppose 0 = z*h + 2*h. List the prime factors of (-19 - h)/(4 - 5).
19
Suppose -2*u + 2*t + 7 = -5, 23 = 5*u + 2*t. Suppose c + u = 12. What are the prime factors of c?
7
Suppose 8 = -z + 4*i, -5 = z - 3*i + 1. What are the prime factors of (30 - z) + 0 - 2?
2, 7
Let v be ((-6)/(-2))/((-3)/9). List the prime factors of (-6)/v + (-8)/(-6).
2
Suppose -2*o - 34*o = -17424. List the prime factors of o.
2, 11
Suppose -80*n = -77*n - 933. What are the prime factors of n?
311
Let g(q) = -3*q**3 + 11*q**2 - 27*q + 17. Let x(p) = -p**3 + 6*p**2 - 13*p + 9. Let b(f) = -2*g(f) + 5*x(f). List the prime factors of b(-9).
29
Let s be 4 + 2/(-5 + 4). Let t(k) = -k + 13. Let w be t(9). Suppose z = s*j - 3*z - 76, w*j - 143 = 5*z. List the prime factors of j.
2
Suppose -18*q + 270 = -9*q. What are the prime factors of q?
2, 3, 5
Let l(i) = 38*i**3 - i + 1. Let h be l(1). Suppose -t + 3*o = 11, 6*t + h = t - 2*o. What are the prime factors of 2*(0/(-1) - t)?
2
List the prime factors of (-3 - 2)*(-1346)/10.
673
Suppose -30403 + 967 = -11*d. List the prime factors of d.
2, 3, 223
Suppose 77*n = 80*n - 15, 3*f - 8162 = -n. List the prime factors of f.
2719
Let b = 161 - 161. Let u(x) = 12*x**2 - 5*x + 2. Let w be u(3). Suppose b = l + 4*l - w. What are the prime factors of l?
19
Suppose 3*s + 472 + 608 = 0. Let r = s + 532. List the prime factors of r.
2, 43
Suppose 0 = 29*m - 53701 - 7141. List the prime factors of m.
2, 1049
Let m(i) = 14*i + 236. List the prime factors of m(11).
2, 3, 5, 13
Suppose 0 = -4*r - 12, -16*n + 2*r = -12*n - 2462. List the prime factors of n.
2, 307
Suppose -7 = -2*d + 1. Let x be (-16)/6*6/d. List the prime factors of (-3 - x)*4 - 2.
2
What are the prime factors of 237*((-14)/21 + 10)?
2, 7, 79
Let r = 0 - 1. Let s be 0*1/3 - -10. What are the prime factors of -14*(s/14 + r)?
2
Suppose -4*w + 948 = 4*l, -59 = w - 5*l - 284. List the prime factors of w.
5, 47
Let r be -12 + (2 - 20/4). Let j = 19 + r. Suppose j*f = -4*w + f + 64, -4*w - f = -72. What are the prime factors of w?
19
Suppose 5*m = -4*w + 1572, -w = 12*m - 16*m - 414. What are the prime factors of w?
2, 199
Suppose 7*b - 24*b + 9571 = 0. What are the prime factors of b?
563
Let p be ((-2)/(-9))/(5/45). Suppose 5*z + p*z - 35 = 0. What are the prime factors of z?
5
Suppose 5*k + 0*k = 95. Let m = k + -16. Suppose 0 = -g + m + 24. List the prime factors of g.
3
Suppose 0 = -11*w + 13*w - 10, u - 4*w - 1225 = 0. What are the prime factors of u?
3, 5, 83
Let j(m) = 31*m + 224. What are the prime factors of j(14)?
2, 7, 47
Let d = -13 + 19. Suppose -25 - 29 = -5*v + 3*n, -5*n = v + d. Suppose -3*w - v = -90. What are the prime factors of w?
3
Let l be (1/4*0)/3. Suppose 2*z - z - 19 = l. List the prime factors of z.
19
Let j = -8 - -5. Suppose -4*r = 0, 2*o - 3*r = 7*o + 5. What are the prime factors of 0 + j/o + -1?
2
What are the prime factors of (2/3)/((-120)/(-22140))?
3, 41
Let m be (-19 + -2)*(4 - 5)*-11. Let u(g) = -2*g + 8. Let b be u(6). What are the prime factors of m/(-14) + 6/b?
3, 5
Suppose 0*f - 41 = -2*f - u, -3 = -f + 3*u. L